261917 and 1167.
1167
Calculate the greatest common factor of 114 and 221187968.
38
Calculate the greatest common factor of 3961 and 87499.
17
What is the greatest common factor of 28 and 74618404?
28
Calculate the highest common divisor of 156501 and 3726.
9
What is the highest common factor of 51424501 and 103?
103
What is the greatest common divisor of 754695 and 2115?
45
Calculate the highest common divisor of 28674 and 18827667.
1593
Calculate the greatest common divisor of 258 and 13591311.
129
Calculate the greatest common divisor of 761810975 and 50.
25
Calculate the greatest common divisor of 2037 and 238332201.
291
Calculate the highest common factor of 32159925 and 350.
175
What is the highest common divisor of 16796 and 524381?
247
What is the highest common factor of 418 and 3668896?
22
What is the highest common factor of 12290 and 139070?
10
What is the highest common divisor of 17664 and 77556?
276
What is the greatest common factor of 374 and 47647226?
374
What is the greatest common factor of 4556 and 604724?
68
Calculate the greatest common factor of 61704 and 54845429.
857
Calculate the greatest common factor of 1480577315 and 235.
235
What is the greatest common divisor of 17541 and 200997?
9
What is the greatest common factor of 70228 and 94672?
388
Calculate the greatest common divisor of 185372449 and 83.
83
Calculate the highest common factor of 584 and 66512417.
73
What is the highest common factor of 17913 and 366790?
853
Calculate the highest common factor of 588554 and 104.
2
Calculate the highest common divisor of 26619228 and 54.
18
Calculate the highest common divisor of 247002245 and 11480.
1435
Calculate the highest common factor of 35055 and 416385.
855
Calculate the greatest common divisor of 26255532 and 132.
12
Calculate the highest common factor of 203412 and 3750932.
92
Calculate the greatest common divisor of 15760 and 494162680.
7880
What is the greatest common divisor of 108 and 47007?
27
Calculate the greatest common factor of 28342860 and 128180.
7540
What is the highest common divisor of 137728322 and 884?
34
Calculate the highest common divisor of 20108 and 8288152.
1828
What is the greatest common factor of 953308708 and 94?
94
Calculate the greatest common factor of 253250 and 459902.
2026
Calculate the highest common divisor of 16398 and 632970088.
1822
Calculate the greatest common divisor of 36 and 192566928.
12
Calculate the greatest common divisor of 100 and 15343560.
20
Calculate the greatest common factor of 50164120 and 562.
562
What is the highest common divisor of 189073 and 86407?
71
What is the highest common divisor of 505524872 and 8?
8
Calculate the greatest common factor of 1933 and 1041347693.
1933
Calculate the greatest common divisor of 2540783 and 42.
7
What is the greatest common factor of 135 and 229338495?
45
Calculate the greatest common divisor of 430929 and 2565.
9
Calculate the greatest common factor of 1621476 and 12.
12
Calculate the highest common divisor of 98463970 and 110.
110
Calculate the highest common divisor of 941 and 22229243.
941
What is the greatest common factor of 805 and 6160573?
23
Calculate the greatest common divisor of 9559890 and 255.
15
What is the highest common divisor of 280241 and 533?
13
What is the highest common divisor of 111494 and 1384297?
521
What is the greatest common divisor of 9750 and 7776600?
1950
What is the highest common factor of 264528 and 995445?
99
What is the greatest common factor of 14942334 and 1974?
282
Calculate the greatest common factor of 296286567 and 2141.
2141
Calculate the highest common divisor of 393449 and 9569.
7
What is the highest common factor of 4590 and 41861259?
459
Calculate the highest common factor of 33561 and 3980097.
297
What is the highest common divisor of 760 and 907250?
190
What is the greatest common divisor of 140 and 275987915?
35
Calculate the highest common factor of 127413 and 186813.
297
Calculate the greatest common factor of 132 and 192612.
12
Calculate the greatest common divisor of 26248346 and 26920.
1346
Calculate the highest common divisor of 93 and 2019991.
31
Calculate the greatest common factor of 13450 and 1730618225.
6725
What is the highest common factor of 4 and 5487652?
4
What is the highest common factor of 96705 and 20160?
315
What is the greatest common factor of 1937403 and 78039?
3393
What is the greatest common factor of 6966022 and 476?
238
What is the greatest common factor of 9745150 and 5?
5
What is the highest common factor of 444404 and 6507?
241
Calculate the highest common divisor of 354 and 149532.
6
Calculate the highest common factor of 31605 and 611221737.
6321
Calculate the highest common divisor of 16933 and 4178911.
59
What is the highest common divisor of 712 and 171716956?
356
Calculate the highest common factor of 69098945 and 1915.
1915
Calculate the highest common factor of 156010149 and 2019.
2019
What is the greatest common divisor of 20205 and 2684571?
1347
Calculate the greatest common factor of 15631 and 348579.
77
What is the highest common divisor of 309776 and 41192?
152
Calculate the highest common factor of 4155 and 1240080.
15
Calculate the highest common factor of 75062729 and 28.
7
What is the greatest common divisor of 230 and 33646700?
230
What is the highest common divisor of 2571501 and 33?
3
What is the greatest common factor of 243586 and 588826?
1918
What is the greatest common factor of 2214828 and 169092?
2772
Calculate the greatest common factor of 135392200 and 280.
40
Calculate the highest common factor of 11 and 254458369.
11
Calculate the greatest common factor of 296144 and 2415536.
3568
What is the greatest common factor of 8240930 and 2204?
58
Calculate the highest common divisor of 123 and 681369324.
123
What is the greatest common factor of 480 and 305560?
40
Calculate the highest common divisor of 13096832 and 5922.
658
What is the highest common factor of 42316 and 78100?
284
Calculate the greatest common factor of 68580 and 5120.
20
What is the greatest common factor of 555 and 580888641?
111
Calculate the greatest common factor of 2158 and 634556.
26
Calculate the highest common divisor of 2880 and 2361024.
576
What is the highest common factor of 13920416 and 544?
544
What is the highest common divisor of 945 and 3732585?
15
Calculate the greatest common divisor of 390 and 250530.
30
What is the greatest common divisor of 40009935 and 42?
21
Calculate the highest common factor of 168453392 and 8.
8
What is the highest common divisor of 10964504 and 107?
107
What is the highest common divisor of 154415272 and 8?
8
What is the highest common divisor of 7 and 295085714?
7
What is the greatest common divisor of 55 and 15110370?
55
What is the highest common divisor of 379001 and 87?
29
Calculate the highest common factor of 2655 and 405330.
885
Calculate the highest common factor of 6495 and 65670.
15
What is the greatest common factor of 5663824 and 1488?
496
Calculate the greatest common factor of 1136 and 4125808.
16
What is the greatest common factor of 4447807 and 35399?
91
What is the greatest common divisor of 43340 and 142060640?
3940
Calculate the highest common factor of 21604803 and 15.
3
What is the highest common divisor of 16585 and 318215?
155
What is the highest common divisor of 55224373 and 7044?
587
What is the highest common factor of 277516404 and 726?
726
Calculate the greatest common factor of 221 and 45033.
17
Calculate the highest common divisor of 5797 and 23239.
17
What is the greatest common divisor of 24380 and 91690000?
1060
What is the highest common factor of 172212096 and 3?
3
What is the greatest common divisor of 1519 and 703787?
49
Calculate the highest common factor of 103479230 and 10.
10
What is the greatest common factor of 187413162 and 978?
978
What is the greatest common divisor of 21812 and 11915204?
532
What is the highest common divisor of 43129 and 10948?
17
What is the greatest common divisor of 334732 and 171788?
268
What is the greatest common divisor of 687011 and 13519?
1229
Calculate the greatest common divisor of 98258912 and 544.
544
What is the greatest common factor of 1459604476 and 88?
44
Calculate the greatest common divisor of 1445 and 9152630.
